he units digit of w?
6
Let v(t) = 5*t**2 + 7*t - 9. Let d be v(2). Suppose -1 + d = 6*x. Suppose -x*b = -6*b + 74. What is the tens digit of b?
3
Let u(x) = -54*x + 32. Let d be u(6). What is the units digit of (12/10)/((-12)/40) - d?
8
Let l(c) = c**3 - 18*c**2 - 21*c + 37. Let q be l(19). Suppose 2*s - 3 = -z - 0, 0 = -2*s + 3*z + 15. What is the tens digit of q/s + (-888)/(-18)?
4
What is the hundreds digit of (21/(-12))/((-3)/5496)?
2
Let w(o) = -13 - 15 + 18*o + 18*o**2 + 51 - o**3. Let x be w(19). Suppose x*b = -k + 60, -k - 3*b = 4*k - 300. What is the units digit of k?
0
Let g be ((-5)/((-30)/(-342)))/(2/(-2)). Suppose -k = j - 39, 3*j - 2*k + g = 174. What is the units digit of j?
9
Let g be ((-2)/(-4))/((-2)/312). Let c be 3/(39/2) + (-38676)/g. Let h = c + -292. What is the units digit of h?
4
Let k(r) = -r**2 + r + 2. Let v be k(0). Suppose -23 = -v*s - 15. Suppose -5*l - 211 = -s*h - 2*l, h = 5*l + 74. What is the units digit of h?
9
Let w(t) = 3*t + 34. Suppose 3*v = 11 - 17. Let r be ((-5)/v - 2/4) + 21. What is the hundreds digit of w(r)?
1
Let w = -20989 - -52394. What is the units digit of w?
5
Suppose -24379 = -2*b - 240165. What is the hundreds digit of b/(-92) + (-2)/(-8)?
1
Let d(v) = v**3 - 4*v**2 - 5*v + 2. Let y be d(5). Suppose 4*w + 20 = 0, -y*a = -0*a + 2*w + 148. Let b = 134 + a. What is the tens digit of b?
6
Suppose -4*f + 22688 = -2*s, 2*f + s - 879 = 10457. What is the thousands digit of f?
5
Let k = -77 + 75. Let h(x) = -2*x**3 - x**2 + 5*x + 3. Let t be h(k). Suppose -t*r + 526 = 66. What is the units digit of r?
2
Let o(y) be the second derivative of y**5/20 + y**4/6 + 2*y**3/3 - 5*y**2 - 2*y - 2. What is the hundreds digit of o(7)?
4
Let k(z) = 3887*z**2 - 75*z - 155. What is the tens digit of k(-2)?
4
Suppose 4*x = s + s + 500, 0 = x + 2*s - 125. Let g = -4181 - -4172. Let t = g + x. What is the hundreds digit of t?
1
Suppose -3*m + 7 = -5*m + 3*f, -4*f + 28 = 2*m. Suppose -m*h - 126 = -h. Let k = 75 - h. What is the units digit of k?
7
What is the hundreds digit of (1344/(-70))/((-34)/16575)?
3
Let r be 201/(-12) + 30/40. Suppose 4*b + 6 = -6. What is the units digit of (4 + b + -5)*r?
4
Let n = 27518 + -26901. What is the units digit of n?
7
Suppose 11*p = -s + 12*p + 29353, -3*s + 5*p = -88059. What is the thousands digit of s?
9
Let h be 5590/(-1290)*(-4)/((-12)/(-45)). Let r be (-10)/6*(-55 - 2). Let b = r + h. What is the units digit of b?
0
Let y = 46 + -23. Suppose -y*u + 22*u = 97. Let x = u + 327. What is the units digit of x?
0
Let i(k) = -2*k - k - 5 - 10 + 17*k**2 + 4. Let f be i(4). Let m = 434 - f. What is the tens digit of m?
8
Let v = -119 - -122. Suppose -v*z + 411 = -5*d, 180 = 2*z + 4*d - 94. What is the units digit of z?
7
Let y(o) = 86*o - 3 - 1 - 6 + 2*o. Let h be y(12). What is the units digit of (-13)/78 + h/12?
7
Suppose 68627 = -19*i + 24*i + g, -2*i + g = -27455. What is the ten thousands digit of i?
1
Suppose -1175 = -5*j - 2*r, -2*j + 499 = 11*r - 16*r. Let a = -214 + j. What is the tens digit of a?
2
Let i(q) = 47*q**3 + 12*q**2 - 16*q - 34. What is the units digit of i(4)?
2
Let f be 3 + (-11 - 0/(-1)). Let y(d) = -162*d + 54. What is the thousands digit of y(f)?
1
Let x be (3/(-2))/(12/408). What is the units digit of ((-170)/x)/(4/462)?
5
Let l = 335 - 324. Let r be 271/2 - 1/2. Suppose -r = l*z - 12*z. What is the units digit of z?
5
Suppose 0*u = 3*u, 4*c - u - 8 = 0. Suppose -c*s + 3*p + 748 = -303, -3*s = 5*p - 1605. What is the tens digit of s?
3
Suppose 3*a + 101 - 95 = 0. What is the units digit of ((-183350)/20)/(-19) + a/4?
2
Let t(y) = y**3 - 13*y**2 + 18*y + 2. Let x be t(11). Let a be (-2)/(-6)*1/((-2)/x). Suppose a*h - 702 = h. What is the tens digit of h?
1
Suppose -5*z = 7*r - 2*r - 25, -3*r - 1 = z. Suppose 10*l = z*l + 6. What is the units digit of 546/12*(l - -1)?
2
Let s(c) = -c**2 + 3*c**3 - 23*c + 4 + 16*c + 4*c**2. Let y be s(-8). What is the units digit of y/(-18) + 2/3?
2
Let k(h) = 170*h + 2805. What is the thousands digit of k(22)?
6
Let n = -514 - -1041. Suppose -52 - n = -p. What is the tens digit of p?
7
Let a(y) be the third derivative of y**6/120 + 13*y**5/60 - 7*y**4/12 - 8*y**3/3 + 3*y**2. Let h be a(-13). Suppose -s + h = s. What is the units digit of s?
3
Suppose 261835 = 24*b - 819941. What is the units digit of b?
4
Suppose -8*u = -23 - 9. Suppose -3 = 3*n - u*n, -4*n - 1618 = -5*q. What is the units digit of q?
6
Let j = 54 + -48. Let w(i) = -i**3 + 5*i**2 + 7*i + 1. Let p be w(j). Suppose 180 + 247 = p*m. What is the units digit of m?
1
Let j be (-6)/(-42)*-1 + 71/7. Suppose -340 = -5*y + s, -y - j*s + 12*s = -77. What is the units digit of y?
7
Let b(p) = 21*p**2 - 70*p + 28. What is the ten thousands digit of b(-32)?
2
Let g = -139 - -142. Suppose 0 = -g*b + 2*v + 41, 0*b + 4*v = -b + 23. Suppose b*m - 22*m = -665. What is the tens digit of m?
9
Let z = 20 + -21. What is the units digit of 3*z + (730 - -5 - 4)?
8
Let z = -15 - -18. Let h be (1 - 1) + -6 - -494. Suppose -620 = -4*s - 5*t, 3*s = -z*t + 5*t + h. What is the units digit of s?
0
Let r be 676 + -2 - (-1 - -2) - -2. Suppose -41*m = -36*m - r. What is the hundreds digit of m?
1
Suppose -12*w + 93821 = 33857. Suppose 12*z + w = 16733. What is the tens digit of z?
7
Suppose -2*t = -4*f + 3032, -4*f + 1514 = -2*f - 2*t. Suppose -4*c + 3*v = -189 - 690, 5*v + 224 = c. Suppose -5*m = c - f. What is the tens digit of m?
0
Suppose 43*y + 84 = 31*y. What is the hundreds digit of 268*7/(-49)*y?
2
Let s(w) = 5 - 39 + 11*w + 11*w - w**2. What is the tens digit of s(15)?
7
Let a(d) = -4*d**2 + 8*d - 2. Let i(o) = -3*o**2 + 8*o - 3. Let h(z) = 2*a(z) - 3*i(z). Let b be h(7). What is the hundreds digit of (-205)/b*12/10?
1
Let q = -804 - -861. What is the units digit of (-10)/95 + 107337/q?
3
Let y be 7 + (-100)/15 - 16/(-6). Suppose b - 4*j = 5*b + 92, -y*b - 5*j = 67. Let n(m) = -m**3 - 24*m**2 - 5*m - 40. What is the units digit of n(b)?
0
Let g(y) = 58*y - 63. Let p(l) = -88*l + 95. Let v(a) = -8*g(a) - 5*p(a). What is the units digit of v(-21)?
3
Let f(r) be the second derivative of -r**5/20 - 23*r**4/12 + 5*r**3 + 20*r**2 - 130*r. What is the tens digit of f(-25)?
4
Let a = 34 + -93. Let d = 58 + a. What is the tens digit of -4 + 3 + (17 - d)?
1
Suppose -6 = -3*v + 9. Suppose -43 = v*k + 27. What is the hundreds digit of ((-12)/k)/(4/(4 - -528))?
1
Let v be 7/1 - (-44)/(-22). Suppose v*n + 4*w - 1780 = n, -2*n + 5*w + 904 = 0. What is the tens digit of n?
4
What is the tens digit of ((-35)/70)/((-2)/(-144))*(-26)/8?
1
Let g = -10251 - -12499. What is the thousands digit of g?
2
Suppose 116*y - 60*y + 12980 = 60*y. What is the units digit of y?
5
Suppose -655*p + 656*p = -3*s + 15236, s = -p + 15222. What is the ten thousands digit of p?
1
Let g be 3/(-5) + (-1623)/(-5). Suppose -g = -t - 94. Suppose -5*f - 3*a = -t, -2*f - 3*a = -f - 34. What is the tens digit of f?
4
Let v = 5903 + 17707. What is the units digit of v?
0
Let c(u) = u + 6*u**2 + 25*u**3 + 31 - 24*u**3 + 4*u. What is the units digit of c(-6)?
1
Suppose -85*z + 73*z = -17508. Suppose 6399 - z = 10*s. What is the units digit of s?
4
Suppose 4*z - u = -0*u + 2432, -601 = -z + 2*u. Suppose -b + 5*s + z = 0, s = -2*b - 0*b + 1163. What is the hundreds digit of (((-9)/(-6))/((-6)/b))/(-1)?
1
Let f(b) = 18*b**2 + 14*b - 1047. What is the thousands digit of f(46)?
7
Let o(k) = -111*k - 1. Let r be o(-2). Suppose -3*i - r = -599. Suppose -2*a = b - 35 - 232, i = a - 2*b. What is the tens digit of a?
3
Let b be -2 - (-11 + -1 - -1). Suppose -7*l + b = -5. What is the hundreds digit of l/14 + 4488/42?
1
Let o(b) = -13 + 36*b**2 - 5*b - 12*b**3 - 8*b**2 + b**3 + 9*b**3. Let n be o(13). Let c = n + -111. What is the hundreds digit of c?
1
Let i(s) = 8*s**2 - 72*s + 5. Let z be i(9). Suppose z*r = 1883 + 1727. What is the units digit of r?
2
Suppose -3*l - 3*s + 157041 = 0, -5*l + 261755 = 41*s - 46*s. What is the ten thousands digit of l?
5
Suppose -165*d + 35 = -160*d. Let u(o) = 224*o + 352. What is the tens digit of u(d)?
2
Suppose -8*v + 4*v - 4 = 4*q, 0 = 4*v - q + 24. What is the tens digit of -225*(2 - (-12)/v)?
9
Suppose 0 = 20*i + 16 - 2116. Suppose -i = 9*b - 1977. What is the units digit of b?
8
Let j(f) be the fi